1
Suppose 0*g + 2*g + 8 = 0. Let y(a) = -a**3 - 2*a**2 + 6*a + 6. What is the tens digit of y(g)?
1
Let d be 55 + (-1 - -2)*-1. Suppose 0 = -2*n + 2*z + 22, 5*n = -z + 5*z + d. What is the units digit of n?
0
Suppose 99 = 4*n - 0*r + 3*r, -4*n + 98 = 2*r. Suppose -4*b + n + 24 = 0. What is the tens digit of b?
1
Suppose j - p - 9 = 0, -5*j - p + 4 = -29. Suppose j*t - 35 = 2*t. What is the units digit of t?
7
Let g be (8/10)/(6/30). Suppose -g*t + 54 = -82. What is the units digit of t?
4
Suppose -5*b + 4 = -16. What is the units digit of 4/b - 1 - -2?
2
Suppose 4 + 12 = 4*f. Suppose 0 = 5*j - 5 - 0. Suppose -j = 4*h - 4*i - 5, f*h = 5*i + 3. What is the units digit of h?
2
Let u be 0 + (0 - (2 - 4)). Suppose 3*l = u*l + 11. What is the units digit of l?
1
Let i(p) = -p**2 - p + 10. Let j = -7 + 7. What is the units digit of i(j)?
0
Let w = 68 - 10. What is the units digit of w?
8
Let p be (-22)/77 + (-12)/7. What is the units digit of 10 - (-2)/(p/3)?
7
Let g = 10 + -10. Suppose g = -3*i - 11 + 104. What is the tens digit of i?
3
Let p(r) = r**3 + 12*r**2 - 2*r - 3. What is the units digit of p(-5)?
2
Let b(z) = 2*z + 6. Let n be b(-7). Let v(o) = -o**3 - 8*o**2 - o - 3. What is the units digit of v(n)?
5
Suppose 2 = -4*h - 14. Let v = 18 - h. What is the units digit of v?
2
Let m(z) = -z**3 - 8*z**2 + 9*z. Let o be m(-9). Suppose 3*b + 6 = o, -5*b - 8 = 3*s + 23. What is the units digit of 3*s/(-3) - 0?
7
Let l(r) be the second derivative of r**3/6 + 5*r**2 - 3*r. Let p be l(-7). Suppose -d - 38 = -p*m, -3*m + 0*d = -2*d - 34. What is the tens digit of m?
1
What is the hundreds digit of 1732/14 + 8/28 - -4?
1
Let p(u) be the third derivative of u**6/120 + 7*u**5/60 + u**4/4 + u**3 - 3*u**2. Let o(y) = -y**2 - 2. Let z be o(-2). What is the units digit of p(z)?
6
Suppose 0 = 4*h + h + 15, -105 = -3*o + 3*h. What is the tens digit of o?
3
Let g(k) = -k**2 + k + 3. Let m be g(0). Suppose -52 = -m*w + 20. What is the tens digit of w?
2
Suppose -11 = 2*n + 5*y, 10 = -2*n - 6*y + 2*y. What is the tens digit of (-40)/n + (-3)/9?
1
Suppose n = 223 - 78. What is the hundreds digit of n?
1
Suppose 3*m - 84 = -27. Let w = m + -10. What is the units digit of w?
9
Let f = -49 + 23. Let x = f + 56. What is the units digit of x?
0
Let a be 7 + 1 - (2 + 1). Suppose -5*o + 0*o = -a. What is the units digit of o?
1
Let t(n) = n**2 + 3*n + 1. What is the units digit of t(-3)?
1
Suppose 5*w - 71 = 4*w. What is the tens digit of w?
7
Let n = 10 - -13. What is the tens digit of n?
2
Let h = 4 - 1. Suppose h*x = 3*m - 105, 2*x - 70 = -4*m + 46. What is the units digit of m?
1
Let k(y) = 3*y - 4. Let g be k(3). Suppose 31 = 2*h - g. What is the tens digit of h?
1
Let y(z) = -2*z + 1. Let s = 4 - 6. What is the units digit of y(s)?
5
Suppose -2*b = -b - 2*n + 5, -2*b - 4 = -n. Let s = b - -3. Suppose -s*z - z = -24. What is the units digit of z?
8
Suppose 0*i = -2*i. Suppose i = 5*f - 15 + 145. Let a = -17 - f. What is the units digit of a?
9
Let i be 0 - (0 + 1/(-1)). What is the units digit of 45/25*(i + 4)?
9
Let l(s) = -s**2 + s + 6. Let v be l(6). What is the units digit of (-4)/(v/(-141))*-2?
7
Let o(a) = a**2 - 5*a. Suppose d - 6*d + 30 = 0. Let n be o(d). Let j = n - 0. What is the units digit of j?
6
Let d(v) = -v**2 - 8*v - 3. Let m be d(-8). Let f(y) = -6*y - 4. What is the units digit of f(m)?
4
Let g = -127 - -208. What is the units digit of g?
1
Let w(v) = -11*v + v**2 + 5*v**2 - 5*v**2 + 12. Let b be w(10). Suppose -b*m - 23 = 3*f - 75, -2*f + 3*m = -13. What is the tens digit of f?
1
Suppose 4*h + 49 = 3*b, 0*b + 36 = 2*b - 2*h. What is the tens digit of b?
2
Suppose -2*z = -y - 106, 3*z = 4*z - 2*y - 50. What is the units digit of z?
4
Let h(x) = 56*x**2 + x. What is the units digit of h(-1)?
5
Let z be 1*-1*(-13 + 28). Let g = z - -26. What is the tens digit of g?
1
Suppose 2*q - 508 = -4*z, 2*z = -0*q + 2*q - 508. What is the hundreds digit of q?
2
Let o be -3*((-44)/6 - -4). What is the tens digit of (21/(-2))/((-5)/o)?
2
Let v = -3 + 5. Let h be v + 0 - (0 - -7). Let g(r) = -2*r - 7. What is the units digit of g(h)?
3
Let u(v) = -16*v**3 + 4*v + 4. What is the tens digit of u(-2)?
2
Let g = 1 - -3. Let m be 2/8 - 1/g. Let q = m + 5. What is the units digit of q?
5
Let n = -1 + 4. Suppose 5*p - c + 6*c = 60, -5*p + 56 = n*c. Let z = -7 + p. What is the units digit of z?
3
Suppose 0 = -h + 4 - 2. Let f(b) = -b**3 - 7*b**2 + 9*b + 11. Let v be f(-8). Suppose n - 2*c + v*c - 7 = 0, h*c = -4*n + 30. What is the units digit of n?
8
Let j = 11 + -7. Suppose -j*p + 3*p + 2 = 0. What is the units digit of p?
2
Let z(v) = v**2 - 4*v - 3. Let y be z(5). Suppose 3*p = 50 - y. What is the tens digit of p?
1
Let p(o) = -2*o + 1. Let g be p(-7). Suppose 4*f = j, -6*f + g = -f. What is the tens digit of j?
1
Let i = -1 - -4. Suppose -g + i*d + 32 = 4*g, 5*d = 3*g - 32. Let r = -3 + g. What is the units digit of r?
1
Suppose 0 = d - 5*z - 10, -3*z - 19 = 2*d - 65. Let s = d - 10. What is the tens digit of s?
1
Let t be (-3)/(18/3)*-4. Let h be (t/4)/((-3)/102). Let b = 24 + h. What is the units digit of b?
7
Let b(r) = -r**3 + r**2 - r - 1. Let q(i) = -2*i**3 - 6*i**2 - 5*i - 7. Let d(v) = b(v) - q(v). What is the units digit of d(-6)?
8
Let i be 6/3 + -22*1. Let c = 30 + i. Let l = c - 3. What is the units digit of l?
7
Let u be (0 - 1) + -2 + 8. Suppose -u*r + 104 = -r. What is the units digit of r?
6
Suppose -3*h = -3*t + 27, 4*h = -4*t - 0*h - 4. Suppose 0 = -4*v + 4, 0*j + 4*j - 13 = -v. What is the units digit of (-12)/j*(-2)/t?
2
Let n be -35*(-1 + 2) + 2. Let r = 23 - n. Suppose -5*k = -k - r. What is the tens digit of k?
1
Suppose 0 = 5*b + 16 - 136. What is the tens digit of b?
2
Suppose 2*u = -u + 12. Let q = 4 - u. Suppose -5*n + 45 = 4*s, -n + q*n = s - 11. What is the tens digit of s?
1
Suppose -4*w = -6 - 2. Suppose w*c + 306 = 4*z, -c = -z + 4*c + 90. Suppose -5*x = -20 - z. What is the tens digit of x?
1
Let v = -11 + 19. What is the tens digit of 286/v - (-10)/40?
3
Suppose -y + 4 = 0, 12 = -5*t + 3*t + 4*y. Suppose t*c + 4 = 38. What is the units digit of c?
7
Let f(n) = n**3 - 9*n**2 + 7*n + 11. Suppose -w + 4*w - 24 = 0. What is the units digit of f(w)?
3
What is the tens digit of -3*(-1)/(-6)*-26?
1
Let k = 1 + -8. Let x(o) = o**2 + 5*o. Let n be x(k). Suppose 0*w = -2*w + n. What is the units digit of w?
7
Suppose 894 = -3*n + 9*n. What is the tens digit of n?
4
Let k be ((-1)/2)/(3/18). What is the units digit of (-19)/(-1 - (k + 3))?
9
Let z(f) = 4*f**2 + 11*f + 5. Let y(k) = 3*k**2 + 10*k + 6. Let b(q) = 5*y(q) - 4*z(q). What is the units digit of b(7)?
3
Suppose 0 = 3*h + 5*i - 8, -5*h + 2*i - i + 4 = 0. Let q be (1 - 0)/h + 1. What is the units digit of ((-6)/3)/q + 2?
1
Let j = 64 + 10. What is the units digit of j?
4
Let q = -59 + 93. What is the tens digit of q?
3
Let b = 3 - -1. Let m(x) = x**3 - x**2 - 3*x + 5. Let f be m(b). Suppose -t - c + 74 = 4*t, f = 3*t + 4*c. What is the units digit of t?
5
Let s(j) be the first derivative of -j**5/20 - j**4/4 + j**3/6 + j**2/2 + 5*j - 4. Let r(w) be the first derivative of s(w). What is the tens digit of r(-4)?
1
Let r(u) = -8*u**3 - 2*u**2 + 3. What is the tens digit of r(-2)?
5
Suppose 7*h - 2607 = -535. What is the units digit of h?
6
Suppose -2*c = 4*b - 12, c - 7 = 3*b + 9. Let u = c - 8. What is the units digit of u?
2
Suppose -4*j = -u + 5, u + 4*u = 25. What is the tens digit of (j + 29)/(1 + 0)?
2
Suppose -3*f - 18 = -3*b - f, 2*b + f - 12 = 0. Let i(w) = w + 10. What is the units digit of i(b)?
6
Let y be (-12)/54 - (-168)/27. What is the units digit of y - (5 - 2 - -1)?
2
What is the units digit of ((-79)/(-4))/((-2)/(-24))?
7
Let o be 1 + 1/(1/11). Suppose 0*b = b + 4*y - o, 0 = 2*y - 6. Suppose b = -f + 8 - 2. What is the units digit of f?
6
Suppose 89 + 66 = 5*a. Suppose 2*g + 0*g + 3*d - 8 = 0, -5*g + a = 2*d. Suppose -2*t = g*v - 2*v - 3, 2*t = -v + 23. What is the units digit of t?
4
What is the units digit of 4 - 18*(-1)/2?
3
Suppose -2*q + 48 = -6*q. Let h = -8 - q. What is the units digit of h?
4
What is the units digit of (-396)/(-16) + (-2)/(-8)?
5
Suppose -3*b = -5*b - v + 109, -v + 163 = 3*b. Let y be (2/(-3))/(1/(-6)). Suppose 3*i = 3*j + b, 0*j + 72 = y*i +